e
Is 2552099471 composite?
True
Is 3106406357 composite?
True
Is 12081798007 a prime number?
True
Is 2115077277 a composite number?
True
Is 3356948947 a prime number?
False
Is 718303561 composite?
True
Is 655003499 prime?
False
Is 91597462673 a prime number?
True
Is 3265322293 a prime number?
False
Is 4165416677 prime?
False
Is 11552706947 prime?
True
Is 13254747967 a prime number?
True
Is 5847525557 composite?
True
Is 2529710349 composite?
True
Is 132751211 composite?
False
Is 173332823 prime?
True
Is 1613772623 a composite number?
True
Is 667754963 composite?
False
Is 5493994574 a prime number?
False
Is 673634699 a prime number?
True
Is 149324621 a prime number?
False
Is 24304729181 a prime number?
False
Is 131413187 a composite number?
False
Is 811743013837 a composite number?
True
Is 7889567327 composite?
True
Is 29183671207 a composite number?
False
Is 5349766451 a composite number?
False
Is 21535953007 a composite number?
False
Is 47066976721 a prime number?
True
Is 1418263549 prime?
True
Is 868195609 a composite number?
True
Is 2984257 prime?
False
Is 2572009573 composite?
True
Is 176632883 a composite number?
True
Is 6159226933 prime?
False
Is 8578387645 a composite number?
True
Is 2189855027 a composite number?
True
Is 18455693077 prime?
True
Is 3753605617 prime?
True
Is 287722031 a composite number?
False
Is 1821720421 composite?
False
Is 7774323457 a prime number?
True
Is 45546855658 a prime number?
False
Is 3579555443 a prime number?
False
Is 1753709197 prime?
True
Is 77023591174 a prime number?
False
Is 1020182701 a prime number?
True
Is 32346428929 composite?
True
Is 48962946853 a prime number?
True
Is 8245704767 a prime number?
True
Is 36602025127 composite?
False
Is 4263110441 composite?
False
Is 154872023 prime?
False
Is 3268654387 composite?
False
Is 71279359285 a prime number?
False
Is 1825896139 prime?
True
Is 191016491 prime?
True
Is 86333459 a composite number?
False
Is 3068820383 composite?
False
Is 112066219 prime?
False
Is 70109393 composite?
True
Is 178948081 a composite number?
True
Is 26158075543 composite?
False
Is 9151953103 a composite number?
True
Is 985904497 a prime number?
False
Is 15759327901 prime?
True
Is 3333431161 a composite number?
True
Is 182232119 a prime number?
True
Is 39662832395 composite?
True
Is 627436369 composite?
True
Is 22544059129 composite?
False
Is 41642863699 a composite number?
False
Is 11489766919 a prime number?
True
Is 38141368871 a composite number?
True
Is 22102102522 a composite number?
True
Is 278350861 a composite number?
False
Is 312426011 composite?
False
Is 2360901269 composite?
False
Is 242810803 composite?
False
Is 1013564059 a composite number?
True
Is 564283781 prime?
False
Is 29158723837 composite?
False
Is 907786721 prime?
False
Is 42226736317 prime?
False
Is 571255963 a composite number?
False
Is 4787635883 composite?
False
Is 98368822297 a composite number?
True
Is 1559956087 a composite number?
False
Is 8053366597 composite?
True
Is 3609870529 a composite number?
True
Is 34559910439 a prime number?
True
Is 15701957 prime?
False
Is 5833701431 a composite number?
True
Is 576279371 a composite number?
False
Is 3301040827 a prime number?
False
Is 21952949 composite?
True
Is 789313027 a composite number?
False
Is 389488393 a composite number?
True
Is 548249615 composite?
True
Is 7496248259 composite?
True
Is 64733701 a prime number?
True
Is 6494727985 composite?
True
Is 252492347 a composite number?
True
Is 2058818339 a composite number?
False
Is 5519375287 composite?
True
Is 401268827 a composite number?
True
Is 9228157157 prime?
True
Is 6185133893 composite?
False
Is 594330637 a prime number?
True
Is 2355853663 prime?
False
Is 8273156797 prime?
True
Is 276149261 a prime number?
True
Is 2247386347 composite?
False
Is 10139161819 a prime number?
False
Is 6805219 a composite number?
True
Is 1331059291 a prime number?
True
Is 20575597747 a composite number?
False
Is 19370610969 composite?
True
Is 440722589 prime?
False
Is 4181682269 composite?
False
Is 6618033913 composite?
False
Is 25868225501 a prime number?
True
Is 796479331 prime?
True
Is 2978970341 prime?
True
Is 28064222339 prime?
True
Is 8009913829 a prime number?
False
Is 474205373599 a prime number?
True
Is 19477618337 a prime number?
True
Is 286569403 prime?
False
Is 2881430729 prime?
False
Is 8063281621 prime?
False
Is 212042921 composite?
True
Is 125049535123 a prime number?
False
Is 5681675543 prime?
False
Is 4386731299 composite?
False
Is 291586817 prime?
False
Is 361527809 a composite number?
False
Is 23058264067 composite?
True
Is 1329695957 prime?
False
Is 7903814677 composite?
True
Is 24125224967 composite?
False
Is 6396536023 a composite number?
True
Is 77536610923 composite?
True
Is 385083169 prime?
True
Is 3403614391 a prime number?
True
Is 234028531 prime?
False
Is 16148273621 composite?
True
Is 75013998067 a prime number?
True
Is 348036587 a prime number?
False
Is 65646093133 composite?
True
Is 382269970861 a composite number?
True
Is 77736497 a composite number?
False
Is 11324598137 a composite number?
False
Is 747381599 a prime number?
True
Is 15124357 composite?
True
Is 192594307273 a composite number?
False
Is 4264945939 prime?
True
Is 113828462381 a prime number?
True
Is 679261823 a prime number?
True
Is 3665296471 composite?
True
Is 4659443917 a composite number?
False
Is 15379213669 composite?
True
Is 3995269957 a prime number?
False
Is 254468009 a prime number?
True
Is 22767478537 prime?
True
Is 6530718431 a prime number?
False
Is 32220109 composite?
False
Is 23206372613 a prime number?
True
Is 1005675893 a prime number?
False
Is 213087332173 prime?
True
Is 73793507471 composite?
True
Is 3960484217 prime?
False
Is 1991044049 a composite number?
False
Is 2607659911 prime?
True
Is 735695381 a composite number?
False
Is 4807201513 prime?
False
Is 127717662323 composite?
False
Is 5060222719 a composite number?
False
Is 532205573 a prime number?
True
Is 200125957 composite?
True
Is 50214005299 composite?
True
Is 17758644403 a prime number?
False
Is 4598016541 a composite number?
True
Is 1496690729 a prime number?
True
Is 32321257343 a prime number?
True
Is 5383237091 prime?
True
Is 241283191183 composite?
False
Is 28849872613 a composite number?
False
Is 6801244887 composite?
True
Is 91655693 a prime number?
True
Is 18698526341 a prime number?
False
Is 260499727 a composite number?
True
Is 5301838027 a prime number?
False
Is 3063349607 composite?
False
Is 8194483729 a prime number?
True
Is 238563874 a prime number?
False
Is 6984420481 composite?
False
Is 58131513383 a composite number?
False
Is 303326365 prime?
False
Is 7808204221 a composite number?
True
Is 235027561 a composite number?
False
Is 3320053829 a composite number?
False
Is 3812881447 a prime number?
False
Is 14068072379 prime?
False
Is 14080965557 a prime number?
True
Is 19705703201 a prime number?
False
Is 2347811363 a prime number?
True
Is 13714960663 prime?
False
Is 185375669 a composite number?
False
Is 1613887597 a composite number?
True
Is 9187007455 a prime number?
False
Is 753179887 composite?
False
Is 76077400997 prime?
False
Is 30251003053 composite?
False
Is 33622922734 composite?
True
Is 16494419209 a prime number?
False
Is 1931627707 a prime number?
True
Is 7215500143 prime?
False
Is 627011209 prime?
False
Is 244606939 a composite number?
False
Is 26719842521 a composite number?
True
Is 8536184507 composite?
False
Is 69858258139 prime?
False
Is 2313008839 composite?
False
Is 2237331403 a prime number?
False
Is 10250574071 a prime number?
True
Is 74964173251 a composite number?
True
Is 28501596763 a prime number?
False
Is 12368906201 a composite number?
False
Is 11475295333 a composite number?
False
Is 3944680063 composite?
True
Is 34601344271 prime?
False
Is 16283413149 prime?
False
Is 24080142053 prime?
False
Is 15424810189 prime?
True
Is 240133753 composite?
False
Is 12516620117 prime?
False
Is 111645229603 prime?
False
Is 48136441487 a prime number?
True
Is 1695860423 a composite number?
True
Is 904456951 prime?
False
Is 23795871461 composite?
True
Is 1232799157 a composite number?
False
Is 587454971 prime?
True
Is 27191276951 a composite number?
False
Is 161054966771 composite?
False
Is 92147540783 a prime number